{"id":250,"date":"2014-11-23T16:32:54","date_gmt":"2014-11-23T16:32:54","guid":{"rendered":"http:\/\/moon.designagent.sk\/?page_id=250"},"modified":"2023-06-20T18:15:43","modified_gmt":"2023-06-20T16:15:43","slug":"home","status":"publish","type":"page","link":"https:\/\/daskleeblatt.com\/","title":{"rendered":"Home"},"content":{"rendered":"\n\n<div style=\"text-align: left;\">\n<div style=\"margin: 0 auto; width: 600px;\">\n<p>Liebe Kunden, liebe Kundinnen, alles geht einmal zu Ende. So ist es auch f\u00fcr mich an der Zeit, mich von meinem Kleeblatt zu verabschieden. Vor \u00fcber 17 Jahren hatte ich mit meinem Mann unser L\u00e4dchen er\u00f6ffnet. Wir haben es mit Liebe gestaltet und mit W\u00e4rme gef\u00fcllt. Viele sch\u00f6ne Augenblicke, tolle Ausstellungen und interessante Begegnungen bleiben als Erinnerungen zur\u00fcck!<\/p>\n<p>Ich bedanke mich bei allen Kunden und Kundinnen f\u00fcr Ihre Treue, Ihr Vertrauen und die unvergessliche Zeit.<\/p>\n<p>Mit dankbaren Gr\u00fc\u00dfen <br \/>Cornelia Weis<\/p>\n<br \/>\n<p>\u00a0<\/p>\n<p>Bei Fragen erreichen Sie uns unter der Rufnummer: 09374 \/ 902030.<strong><br \/><\/strong><\/p>\n<\/div>\n<\/div>","protected":false},"excerpt":{"rendered":"<p>Liebe Kunden, liebe Kundinnen, alles geht einmal zu Ende. So ist es auch f\u00fcr mich an der Zeit, mich von meinem Kleeblatt zu verabschieden. Vor \u00fcber 17 Jahren hatte ich mit meinem Mann unser L\u00e4dchen er\u00f6ffnet. Wir haben es mit Liebe gestaltet und mit W\u00e4rme gef\u00fcllt. Viele sch\u00f6ne Augenblicke, tolle Ausstellungen und interessante Begegnungen bleiben <a href=\"https:\/\/daskleeblatt.com\/\" class=\"more-link\">[&hellip;]<\/a><\/p>\n","protected":false},"author":1,"featured_media":6,"parent":254,"menu_order":0,"comment_status":"open","ping_status":"open","template":"gallery-archive.php","meta":[],"_links":{"self":[{"href":"https:\/\/daskleeblatt.com\/index.php?rest_route=\/wp\/v2\/pages\/250"}],"collection":[{"href":"https:\/\/daskleeblatt.com\/index.php?rest_route=\/wp\/v2\/pages"}],"about":[{"href":"https:\/\/daskleeblatt.com\/index.php?rest_route=\/wp\/v2\/types\/page"}],"author":[{"embeddable":true,"href":"https:\/\/daskleeblatt.com\/index.php?rest_route=\/wp\/v2\/users\/1"}],"replies":[{"embeddable":true,"href":"https:\/\/daskleeblatt.com\/index.php?rest_route=%2Fwp%2Fv2%2Fcomments&post=250"}],"version-history":[{"count":79,"href":"https:\/\/daskleeblatt.com\/index.php?rest_route=\/wp\/v2\/pages\/250\/revisions"}],"predecessor-version":[{"id":1358,"href":"https:\/\/daskleeblatt.com\/index.php?rest_route=\/wp\/v2\/pages\/250\/revisions\/1358"}],"up":[{"embeddable":true,"href":"https:\/\/daskleeblatt.com\/index.php?rest_route=\/wp\/v2\/pages\/254"}],"wp:featuredmedia":[{"embeddable":true,"href":"https:\/\/daskleeblatt.com\/index.php?rest_route=\/wp\/v2\/media\/6"}],"wp:attachment":[{"href":"https:\/\/daskleeblatt.com\/index.php?rest_route=%2Fwp%2Fv2%2Fmedia&parent=250"}],"curies":[{"name":"wp","href":"https:\/\/api.w.org\/{rel}","templated":true}]}}